28 (base 16) to base 7.
14212
What is 201 (base 6) in base 14?
53
828 (base 9) to base 2
1010100010
21402 (base 8) to base 14
33a2
d4d (base 15) to base 14
1142
What is 1730 (base 14) in base 6?
31130
14135 (base 11) to base 6
233100
111205 (base 6) to base 7
36206
Convert -28454 (base 9) to base 6.
-225251
Convert -9a (base 12) to base 7.
-226
Convert -13102 (base 9) to base 3.
-110010002
4855 (base 15) to base 10
15380
-221201 (base 4) to base 3
-10122102
Convert -4041 (base 7) to base 12.
-989
Convert 10701 (base 9) to base 3.
100210001
Convert -cc6 (base 14) to base 10.
-2526
Convert 1243 (base 8) to base 16.
2a3
What is 562 (base 10) in base 7?
1432
Convert -346 (base 9) to base 16.
-11d
Convert 55350 (base 6) to base 16.
1e12
Convert -1200 (base 10) to base 16.
-4b0
Convert 5114 (base 8) to base 14.
d64
What is 29e (base 16) in base 9?
824
What is 20624 (base 11) in base 7?
153364
-10110100101 (base 2) to base 14
-753
10002200 (base 3) to base 12
1383
Convert 31330 (base 4) to base 8.
1574
What is -2431441 (base 5) in base 4?
-23030233
What is 2554 (base 16) in base 4?
2111110
Convert 13133132 (base 4) to base 16.
77de
What is -5116 (base 9) in base 4?
-322131
What is 2ad (base 15) in base 4?
21211
Convert 10001 (base 4) to base 11.
214
Convert -1db (base 16) to base 7.
-1246
What is 340136 (base 7) in base 4?
32223011
What is -171a (base 11) in base 5?
-32244
Convert -14334 (base 7) to base 5.
-111240
Convert -3310 (base 7) to base 10.
-1183
19a5a (base 11) to base 2
110110011110111
4585 (base 11) to base 8
13606
What is -14220 (base 5) in base 3?
-1121220
What is 4244 (base 10) in base 11?
3209
Convert 583 (base 10) to base 15.
28d
Convert 14105 (base 14) to base 16.
c1b9
What is 6611 (base 12) in base 7?
44533
-14104 (base 9) to base 10
-9562
Convert -13343 (base 5) to base 15.
-4d3
Convert -1988 (base 10) to base 5.
-30423
Convert -302 (base 11) to base 13.
-221
What is 232331 (base 6) in base 3?
1000102201
What is -1011110110 (base 2) in base 15?
-358
20263 (base 9) to base 8
32035
Convert 2032331 (base 4) to base 13.
421a
-89dc (base 15) to base 10
-29232
391 (base 13) to base 11
519
Convert a870 (base 15) to base 9.
53816
What is 1532 (base 8) in base 5?
11413
What is -1010110100 (base 2) in base 11?
-57a
-11a2 (base 11) to base 14
-7da
-58b (base 15) to base 6
-5452
Convert 24523 (base 9) to base 8.
40120
23401 (base 5) to base 16
6be
What is -121110220 (base 3) in base 12?
-6b50
Convert -12237 (base 9) to base 13.
-397c
Convert 223033 (base 6) to base 11.
13153
Convert -4888 (base 9) to base 15.
-112e
-17474 (base 11) to base 6
-305311
Convert 19b1 (base 16) to base 3.
100000121
-3a5 (base 13) to base 11
-534
Convert -440 (base 15) to base 3.
-1022120
13d3 (base 15) to base 2
1000010011000
What is -1b852 (base 15) in base 7?
-522206
Convert -34081 (base 9) to base 14.
-8396
102 (base 6) to base 12
32
-10202102 (base 3) to base 6
-20402
Convert -30a8 (base 14) to base 16.
-20bc
What is -521 (base 11) in base 4?
-21310
Convert -1176 (base 13) to base 6.
-15223
What is 3296 (base 16) in base 12?
75b2
-10210012 (base 3) to base 9
-3705
What is -1124b (base 15) in base 8?
-152371
-3755 (base 12) to base 7
-24146
-2035 (base 6) to base 8
-707
Convert -2116 (base 14) to base 7.
-22426
-e809 (base 15) to base 2
-1011111110100011
Convert b9a4 (base 15) to base 14.
10476
What is 212222 (base 5) in base 7?
26645
Convert -3584 (base 11) to base 4.
-1021102
What is 141 (base 9) in base 3?
11101
Convert 1561 (base 9) to base 3.
1122001
4314 (base 5) to base 9
718
-2114 (base 6) to base 2
-111011110
-23e8 (base 15) to base 4
-1313123
What is -112 (base 6) in base 16?
-2c
1001001111 (base 2) to base 8
1117
-550 (base 12) to base 9
-1056
10001011011100 (base 2) to base 14
3376
Convert 11111110 (base 2) to base 8.
376
What is 664 (base 14) in base 11?
a4a
What is -214303 (base 6) in base 10?
-17823
-31564 (base 7) to base 12
-4651
100013 (base 4) to base 5
13111
307 (base 13) to base 5
4024
Convert -333 (base 4) to base 16.
-3f
-100010000 (base 2) to base 12
-1a8
What is 1010120111 (base 3) in base 13?
a1b6
What is c56 (base 15) in base 16?
add
1132133 (base 4) to base 16
179f
313230 (base 4) to base 16
dec
Convert -4536 (base 7) to base 9.
-2226
-323 (base 9) to base 13
-174
Convert 151 (base 12) to base 4.
3031
What is -312321 (base 5) in base 10?
-10336
Convert 100110011100 (base 2) to base 5.
34320
What is 111001000 (base 2) in base 14?
248
What is -101022 (base 3) in base 16?
-116
Convert -5694 (base 11) to base 15.
-233e
Convert -21a (base 12) to base 5.
-2220
1c19 (base 14) to base 6
35411
4082 (base 14) to base 2
10101101010010
What is -4074 (base 12) in base 8?
-15530
Convert -14403 (base 12) to base 14.
-a403
2333143 (base 5) to base 14
118dd
239 (base 16) to base 14
2c9
-1739 (base 12) to base 7
-11052
Convert -13012023 (base 4) to base 10.
-29067
What is 4341 (base 5) in base 2?
1001010100
Convert 5ba (base 12) to base 5.
11422
d (base 14) to base 2
1101
Convert 3665 (base 7) to base 3.
1212202
19d3 (base 14) to base 7
16453
Convert 2533 (base 11) to base 4.
303213
What is 1301c (base 13) in base 9?
53225
What is 1114420 (base 5) in base 6?
232305
Convert 341 (base 13) to base 9.
682
-110110110 (base 2) to base 8
-666
122031 (base 4) to base 6
11433
111010100000 (base 2) to base 14
1516
What is -10202 (base 3) in base 12?
-85
What is 10001001011 (base 2) in base 13?
667
113 (base 13) to base 10
185
What is 573 (base 13) in base 7?
2511
Convert 1401 (base 13) to base 12.
17b6
What is 1013 (base 11) in base 3?
1211211
Convert 305a (base 11) to base 2.
111111011010
2531 (base 6) to base 9
771
Convert 308 (base 9) to base 6.
1055
What is -362 (base 10) in base 15?
-192
What is -500 (base 13) in base 6?
-3525
What is -32b53 (base 12) in base 4?
-100123233
Convert 4c (base 16) to base 8.
114
Convert 716 (base 13) to base 5.
14302
Convert 10112122 (base 3) to base 9.
3478
What is -10764 (base 12) in base 3?
-1002221011
-13480 (base 9) to base 6
-110200
What is -73225 (base 10) in base 15?
-16a6a
Convert 34626 (base 11) to base 14.
14317
What is 159 (base 15) in base 12?
219
What is -863 (base 14) in base 6?
-11355
7ab (base 16) to base 10
1963
What is -126 (base 8) in base 13?
-68
3046 (base 8) to base 2
11000100110
What is -188 (base 13) in base 11?
-236
2c57 (base 15) to base 11
7186
Convert -850 (base 12) to base 14.
-628
-23333 (base 4) to base 3
-1001102
What is -4fce (base 16) in base 15?
-60c0
Convert 110111110001 (base 2) to base 16.
df1
12567 (base 14) to base 6
544115
What is -5583 (base 15) in base 7?
-103560
211021200 (base 3) to base 10
16245
-194f (base 16) to base 14
-250b
300 (base 9) to base 2
11110011
Convert -232 (base 8) to base 3.
-12201
12292 (base 11) to base 4
10103232
Convert 295 (base 13) to base 10.
460
-1343414 (base 5) to base 10
-27984
What is -2100012 (base 3) in base 2?
-11010101010
Convert -69 (base 11) to base 10.
-75
What is -1325 (base 8) in base 11?
-5aa
What is -300311 (base 4) in base 15?
-dd5
Convert 1476 (base 9) to base 6.
5110
What is 120022 (base 8) in base 2?
1010000000010010
Convert -10010101010 (base 2) to base 6.
-5310
What is -2a63 (base 11) in base 6?
-30125
-8d3d (base 14) to base 15
-7420
Convert 3482 (base 9) to base 14.
d29
-236 (base 10) to base 5
-1421
Convert 20515 (base 7) to base 11.
388a
Convert -660 (base 7) to base 13.
-1cb
Convert 70237 (base 8) to base 7.
150025
Convert 957 (base 13) to base 12.
b09
Convert -257 (base 16) to base 13.
-371
Convert 1072 (base 16) to base 13.
1bbb
Convert 31 (base 5) to base 2.
10000
What is 2020212210 (base 3) in base 12?
21826
2444 (base 14) to base 6
45152
3165 (base 7) to base 3
1112200
What is 54234 (base 8) in base 16?
589c
What is 35666 (base 7) in base 6?
110512
-31000 (base 5) to base 12
-11a8
-43513 (base 10) to base 7
-240601
-1164 (base 7) to base 13
-279
Convert 10032244 (base 5) to base 3.
11002011222
What is -556 (base 7) in base 13?
-190
Convert -1022112 (base 3) to base 11.
-7a2
1110 (base 6) to base 13
16b
220212 (base 3) to base 16
29f
-121020 (base 3) to base 16
-1b6
What is -636 (base 8) in base 6?
-1530
Convert -a74 (base 14) to base 5.
-31222
36111 (base 7) to base 8
22146
-6951 (base 13) to base 14
-554d
Convert -101201